he remainder when 22 is divided by v(6)?
10
Let i = 1 + 4. Let o = 3 + i. Calculate the remainder when 23 is divided by o.
7
Let j = 0 + 2. Suppose -2*b - 2*m = -4*m - j, 4*m - 23 = -5*b. Suppose -d + 10 = b*p, 3*p - p - 12 = 2*d. Calculate the remainder when 9 is divided by p.
1
Calculate the remainder when 138 is divided by 70/(-4)*(-44)/55.
12
Let k = 23 - 1. Let d = k - 13. Calculate the remainder when 16 is divided by d.
7
Let w(s) = -1 + 8 + 0 + 7*s. Calculate the remainder when w(10) is divided by 20.
17
What is the remainder when 75 is divided by ((-26)/3)/(28/(-42))?
10
Let o(r) = 7*r - 4. Let h(g) = 2*g**2 + 9*g + 9. What is the remainder when h(-8) is divided by o(3)?
14
Suppose f = 2 + 2. Suppose -2*a + 4*a - 16 = 5*s, 4*s + 40 = 5*a. Let i = 11 - a. What is the remainder when f is divided by i?
1
Let v = 12 + 26. Let p = 45 + -25. What is the remainder when v is divided by p?
18
Suppose -3*f + 0*f = d - 560, -2*f + d + 370 = 0. Calculate the remainder when f is divided by 27.
24
Suppose -f = -3*a - 6 - 155, -4*f - 240 = 5*a. Suppose -3*z + 4*z - 429 = -5*x, -z = 1. Let q = a + x. Calculate the remainder when q is divided by 9.
7
Suppose -2*o - 5 = 3*o. Let c be (2 - -22) + 1*o. Suppose -c = -3*j + 19. Calculate the remainder when 26 is divided by j.
12
Calculate the remainder when 2/(2/(-36)*-4) is divided by 5.
4
Let m = 43 - 11. Let t(w) = 2*w**2 - 3*w + 3. Let y be t(2). Suppose 4*g - 74 = -y*h - 16, -4*g + 74 = -3*h. Calculate the remainder when m is divided by g.
15
Let u = 18 - 10. Suppose -2*m + 8 = -4*r, -2*m + 0 = 3*r - u. Calculate the remainder when m is divided by 3.
1
Suppose 7*c - 18 = 87. Calculate the remainder when 29 is divided by c.
14
Suppose 8*c - 18 = 6*c. Calculate the remainder when 23 is divided by c.
5
Suppose 21 = 3*r + 4*s, 5*r - 3*s - 85 = -21. What is the remainder when 98 is divided by r?
10
Let b = 191 + -130. What is the remainder when b is divided by 21?
19
Suppose -4*z + 2*z + 10 = 0. Let s(l) = 7*l. Calculate the remainder when s(z) is divided by 9.
8
Suppose -3 = -z - 1. Let m be (2/1 - -3) + z. Let u = 0 + m. What is the remainder when 25 is divided by u?
4
Let c be (23/(-5) + 2)*-5. Calculate the remainder when 23 is divided by c/1 + (-15 - -15).
10
Let y = -1 + 10. Suppose y = h + 2*v, v - 24 = -4*h + 26. Let l(c) = c**2 + 7*c + 7. Calculate the remainder when h is divided by l(-7).
6
Suppose 2*p + 5*g - 54 = 0, p - 2*g = g + 5. Let t = 417 + -855. What is the remainder when (-2)/(-6) + t/(-9) is divided by p?
15
Suppose 0 = -11*n + 206 + 58. Calculate the remainder when 71 is divided by n.
23
Let z = -75 - -134. Let b = -50 + 70. Calculate the remainder when z is divided by b.
19
Calculate the remainder when 35 is divided by 18/(3/6*4).
8
Suppose -240 = -4*g + 4*s, -g = -3*g - 3*s + 120. What is the remainder when g is divided by 17?
9
Suppose -u + 80 = 3*u. Suppose 3*i - 6*m = -2*m - 25, 5*i + 5*m = 5. What is the remainder when (i/(-2))/(9/228) is divided by u?
18
Let i(m) = -21*m + 33. Calculate the remainder when i(-4) is divided by 7.
5
Let o be 180/((-4)/(24/(-9))). Suppose z = -2*z + o. Calculate the remainder when z is divided by 14.
12
Suppose -4*r - 6*n + 2*n = -68, 8 = -2*n. What is the remainder when r is divided by 12?
9
Let b(i) = -7*i**3 + 3*i**2 + 3*i + 1. Let f be 1/(-2)*-74 + 0. Suppose -5*l + 28 = -f. What is the remainder when l is divided by b(-1)?
5
Let y = 19 + -21. Calculate the remainder when 31 is divided by 196/12 + y/6.
15
Let f(w) = 33*w - 3. What is the remainder when f(2) is divided by 22?
19
Suppose -3*b + 1 = -z, 4*b + 0*z = -5*z - 5. Suppose b*m + 285 = 5*m. What is the remainder when m is divided by 15?
12
Let w be 0 + 1/1 + -1. Suppose w*m - 2*m + 42 = 0. What is the remainder when m is divided by 2 - 3 - 1/(1/(-12))?
10
Let f be 6*(-2)/4*-1. Suppose 2*i - 3*i - f*y = -13, -13 = -i + y. Calculate the remainder when 49 is divided by i.
10
Suppose 0*g + 3*g = 15. Suppose -g*n - 4*d + 16 = 0, 0 = 4*d - 2*d + 2. What is the remainder when n is divided by (1/2)/(2/12)?
1
Let n be (0 - -2)/(2/(-3)). What is the remainder when 49 is divided by (-17)/5*(n + -2)?
15
Let l = 5 - -12. What is the remainder when 31 is divided by l?
14
Suppose -4 = -3*s + 2. Let u be (-33)/s*6/(-9). Let h = 15 - u. Calculate the remainder when 9 is divided by h.
1
Suppose -16 = -2*w + 14. What is the remainder when 28 is divided by w?
13
Let c = -31 + 47. Let h = -2 - -5. Let j(d) = d**2. What is the remainder when c is divided by j(h)?
7
Let a = 74 + -52. Calculate the remainder when 85 is divided by a.
19
Let c(b) be the second derivative of -b**3/3 - 11*b**2/2 - 3*b. What is the remainder when 26 is divided by c(-10)?
8
Suppose 6 = -9*l + 60. What is the remainder when 13 is divided by l?
1
Let w(b) = 8*b**2 + 6*b - 5. What is the remainder when w(3) is divided by 15?
10
Let q(h) = -2*h - 1. Let k be q(-3). Suppose -w - 16 = -k*w. What is the remainder when 14 is divided by 1*(-4)/(-2)*w?
6
Suppose 2*n - 9 = 9. What is the remainder when 23 is divided by -2 - (-3)/(n/42)?
11
Let c(a) = 7*a + 31. Let m(g) = -3*g - 15. Let h(n) = -2*c(n) - 5*m(n). Let b(f) = -5*f - 6. What is the remainder when b(-6) is divided by h(0)?
11
Let s = 80 + -39. Let m(x) = 6*x - 10. What is the remainder when s is divided by m(4)?
13
Suppose -2*b + 7 - 1 = 0. Suppose 2*f = -2*g + 8, -f + 6 = -b*g - 6. Calculate the remainder when f is divided by 3/1 - -1 - 0.
2
Suppose 0 = -5*g - g + 264. Calculate the remainder when g is divided by 9.
8
Let o = -59 - -63. Calculate the remainder when 19 is divided by o.
3
Let x(c) be the third derivative of c**6/40 - c**5/20 + c**4/24 + c**3/3 - 3*c**2. What is the remainder when 30 is divided by x(2)?
14
Let n = 119 - 78. What is the remainder when n is divided by 4?
1
Suppose 2*n + 56 = -2*n. Calculate the remainder when 6 is divided by (16/6)/(n/(-21)).
2
Let x(g) = -15*g - 1. Let l be x(-2). Let v = l + -41. What is the remainder when (-338)/v - (-2)/(-12) is divided by 10?
8
Let k(d) = d**2 + 3*d**2 + 5*d - d**2 + 7 - 2*d**2. Let z = 6 + -12. Calculate the remainder when k(z) is divided by 5.
3
Suppose 0 = 7*w - 2*w - 270. Suppose -u + 4*u = w. What is the remainder when 35 is divided by u?
17
Suppose -3*b + 7*b + 3*t - 268 = 0, 3*b - 201 = -4*t. What is the remainder when b is divided by 14?
11
Suppose -y - 2*c = -7, 4*y = 4*c - c + 50. What is the remainder when 30 is divided by y?
8
Suppose 213 = 4*k - c, c + 4*c - 15 = 0. What is the remainder when k is divided by 11?
10
Let u = 25 - -3. What is the remainder when u is divided by 15?
13
Suppose 18 + 32 = 5*h - w, -3*h - w + 38 = 0. Let s(y) = -y**2 - 5*y + 2. Let k be s(-5). Let m(z) = 15*z + 2. What is the remainder when m(k) is divided by h?
10
Suppose 3 = 6*g - 5*g. Suppose 7*f - 45 = g*f + p, 1 = -p. What is the remainder when 31 is divided by f?
9
Let c(x) = -x**3 - 16*x**2 - 28*x + 6. Calculate the remainder when 8 is divided by c(-14).
2
Calculate the remainder when 2/(-1)*(-122)/4 is divided by 32/6*((-15)/(-5) - 0).
13
Let x = 15 + -8. Calculate the remainder when x is divided by (-1)/(0 - 1) - -3.
3
Suppose -r = -2*t + 5, 2*r = -3*r + 5*t. Suppose 3*i - 4*p + 2*p = 74, 0 = r*p - 10. Calculate the remainder when i is divided by 9.
8
Suppose 16 = 4*i, 2*o = -3*o - 3*i + 347. Calculate the remainder when o is divided by 24.
19
Suppose 0 = -5*r + 13 + 22. What is the remainder when 32 is divided by r?
4
Suppose 25 = 3*n - 2*j, 3*n + 2*j - 6 + 1 = 0. Suppose -31 = -4*v - n*b + 3, 2*b - 7 = -v. What is the remainder when 18 is divided by v?
7
Let v(n) = 28*n**3 + n**2 - 2*n + 1. Let u be (-5)/2*(-8)/10. Suppose -k + u*h = -0*k - 16, 3*k = 2*h + 36. What is the remainder when v(1) is divided by k?
8
Let g(w) be the third derivative of -w**6/120 + w**5/30 + w**4/12 + w**3/3 - 3*w**2. Calculate the remainder when 53 is divided by g(-2).
11
Let f = 74 - 23. What is the remainder when f is divided by 13?
12
Let d(y) be the first derivative of -y**3/3 + 6*y**2 - 2*y + 3. Calculate the remainder when 17 is divided by d(11).
8
Let g(u) = -6*u - 23. What is the remainder when g(-5) is divided by 4?
3
Suppose -3*d = -5*l, 0 = -2*d - 2*d + 20. What is the remainder when 10/3 - 6/(-9) is divided by l?
1
Let z(h) = 